 divided by 17?
14
What is the remainder when 127 is divided by 10?
7
What is the remainder when 423 is divided by 5?
3
Calculate the remainder when 6924 is divided by 231.
225
What is the remainder when 75 is divided by 26?
23
Calculate the remainder when 40 is divided by 9.
4
Calculate the remainder when 149 is divided by 19.
16
What is the remainder when 896 is divided by 35?
21
What is the remainder when 234 is divided by 28?
10
Calculate the remainder when 364 is divided by 6.
4
What is the remainder when 207 is divided by 76?
55
Calculate the remainder when 548 is divided by 61.
60
Calculate the remainder when 828 is divided by 16.
12
What is the remainder when 999 is divided by 259?
222
Calculate the remainder when 414 is divided by 10.
4
What is the remainder when 483 is divided by 70?
63
What is the remainder when 43 is divided by 25?
18
Calculate the remainder when 449 is divided by 212.
25
What is the remainder when 1738 is divided by 24?
10
What is the remainder when 10757 is divided by 20?
17
What is the remainder when 1095 is divided by 227?
187
Calculate the remainder when 2234 is divided by 172.
170
What is the remainder when 159 is divided by 40?
39
What is the remainder when 13 is divided by 3?
1
Calculate the remainder when 639 is divided by 19.
12
Calculate the remainder when 239 is divided by 68.
35
Calculate the remainder when 743 is divided by 369.
5
Calculate the remainder when 649 is divided by 47.
38
What is the remainder when 763 is divided by 24?
19
What is the remainder when 5170 is divided by 2?
0
What is the remainder when 77 is divided by 13?
12
Calculate the remainder when 170 is divided by 139.
31
What is the remainder when 24114 is divided by 91?
90
What is the remainder when 84 is divided by 32?
20
Calculate the remainder when 802 is divided by 97.
26
What is the remainder when 1225 is divided by 28?
21
What is the remainder when 299 is divided by 122?
55
Calculate the remainder when 2840 is divided by 2816.
24
What is the remainder when 262 is divided by 66?
64
What is the remainder when 36 is divided by 19?
17
What is the remainder when 1914 is divided by 30?
24
What is the remainder when 2227 is divided by 279?
274
Calculate the remainder when 470 is divided by 21.
8
What is the remainder when 4401 is divided by 152?
145
Calculate the remainder when 3005 is divided by 17.
13
Calculate the remainder when 194 is divided by 51.
41
What is the remainder when 1454 is divided by 13?
11
What is the remainder when 5301 is divided by 24?
21
Calculate the remainder when 789 is divided by 72.
69
Calculate the remainder when 274 is divided by 54.
4
Calculate the remainder when 64 is divided by 13.
12
What is the remainder when 401 is divided by 61?
35
Calculate the remainder when 370 is divided by 24.
10
What is the remainder when 5564 is divided by 16?
12
Calculate the remainder when 166 is divided by 17.
13
What is the remainder when 8258 is divided by 3?
2
What is the remainder when 191 is divided by 28?
23
What is the remainder when 194 is divided by 12?
2
Calculate the remainder when 633 is divided by 6.
3
What is the remainder when 258 is divided by 71?
45
Calculate the remainder when 2896 is divided by 956.
28
Calculate the remainder when 407 is divided by 12.
11
What is the remainder when 655 is divided by 41?
40
Calculate the remainder when 1703 is divided by 12.
11
What is the remainder when 68 is divided by 25?
18
What is the remainder when 238 is divided by 15?
13
What is the remainder when 286 is divided by 99?
88
What is the remainder when 1021 is divided by 95?
71
Calculate the remainder when 1187 is divided by 41.
39
Calculate the remainder when 276 is divided by 75.
51
Calculate the remainder when 204 is divided by 41.
40
Calculate the remainder when 569 is divided by 539.
30
Calculate the remainder when 170 is divided by 39.
14
Calculate the remainder when 262 is divided by 75.
37
Calculate the remainder when 336 is divided by 68.
64
What is the remainder when 17 is divided by 9?
8
What is the remainder when 137 is divided by 44?
5
Calculate the remainder when 543 is divided by 88.
15
Calculate the remainder when 5225 is divided by 17.
6
What is the remainder when 20 is divided by 18?
2
What is the remainder when 630 is divided by 29?
21
What is the remainder when 558 is divided by 51?
48
Calculate the remainder when 232 is divided by 73.
13
What is the remainder when 1781 is divided by 876?
29
What is the remainder when 31 is divided by 8?
7
Calculate the remainder when 116 is divided by 11.
6
Calculate the remainder when 1183 is divided by 99.
94
Calculate the remainder when 1231 is divided by 113.
101
Calculate the remainder when 2232 is divided by 1112.
8
Calculate the remainder when 712 is divided by 51.
49
Calculate the remainder when 100 is divided by 28.
16
What is the remainder when 62 is divided by 34?
28
Calculate the remainder when 2289 is divided by 54.
21
Calculate the remainder when 844 is divided by 18.
16
Calculate the remainder when 61 is divided by 10.
1
What is the remainder when 8855 is divided by 277?
268
What is the remainder when 13499 is divided by 314?
311
What is the remainder when 86 is divided by 40?
6
Calculate the remainder when 831 is divided by 64.
63
Calculate the remainder when 141 is divided by 44.
9
What is the remainder when 219 is divided by 32?
27
What is the remainder when 102 is divided by 96?
6
Calculate the remainder when 5474 is divided by 1367.
6
What is the remainder when 400 is divided by 48?
16
Calculate the remainder when 146 is divided by 136.
10
What is the remainder when 852 is divided by 133?
54
What is the remainder when 2075 is divided by 1002?
71
What is the remainder when 9277 is divided by 58?
55
What is the remainder when 404 is divided by 7?
5
What is the remainder when 1998 is divided by 26?
22
What is the remainder when 116 is divided by 30?
26
What is the remainder when 120 is divided by 90?
30
Calculate the remainder when 187 is divided by 24.
19
What is the remainder when 741 is divided by 245?
6
Calculate the remainder when 2713 is divided by 14.
11
What is the remainder when 581 is divided by 39?
35
What is the remainder when 1652 is divided by 315?
77
What is the remainder when 418 is divided by 21?
19
Calculate the remainder when 236 is divided by 28.
12
Calculate the remainder when 1720 is divided by 220.
180
What is the remainder when 1149 is divided by 282?
21
Calculate the remainder when 3000 is divided by 16.
8
What is the remainder when 76 is divided by 20?
16
Calculate the remainder when 196 is divided by 67.
62
What is the remainder when 175 is divided by 14?
7
Calculate the remainder when 1835 is divided by 36.
35
Calculate the remainder when 60 is divided by 57.
3
What is the remainder when 229 is divided by 21?
19
Calculate the remainder when 81 is divided by 31.
19
What is the remainder when 142 is divided by 137?
5
Calculate the remainder when 215 is divided by 45.
35
What is the remainder when 648 is divided by 270?
108
Calculate the remainder when 324 is divided by 88.
60
Calculate the remainder when 237 is divided by 49.
41
What is the remainder when 39 is divided by 5?
4
Calculate the remainder when 71 is divided by 20.
11
What is the remainder when 224 is divided by 115?
109
Calculate the remainder when 1197 is divided by 24.
21
Calculate the remainder when 110 is divided by 8.
6
What is the remainder when 8990 is divided by 391?
388
Calculate the remainder when 1240 is divided by 89.
83
What is the remainder when 4688 is divided by 23?
19
Calculate the remainder when 541 is divided by 104.
21
Calculate the remainder when 4101 is divided by 71.
54
Calculate the remainder when 41 is divided by 5.
1
Calculate the remainder when 131 is divided by 21.
5
Calculate the remainder when 3184 is divided by 27.
25
What is the remainder when 1818 is divided by 303?
0
Calculate the remainder when 750 is divided by 76.
66
Calculate the remainder when 8988 is divided by 155.
153
Calculate the remainder when 258 is divided by 95.
68
Calculate the remainder when 132 is divided by 9.
6
What is the remainder when 575 is divided by 12?
11
What is the remainder when 1323 is divided by 441?
0
Calculate the remainder when 1162 is 